hat is 49 (base 10) in base 6?
121
Convert 2577 (base 8) to base 13.
843
What is 2368 (base 10) in base 9?
3221
What is -2847 (base 10) in base 3?
-10220110
What is 113330 (base 5) in base 3?
12210010
Convert 2583 (base 10) to base 15.
b73
What is -277 (base 14) in base 6?
-2145
Convert 2a8 (base 16) to base 3.
221012
-1516 (base 13) to base 16
-bf5
What is -4000 (base 7) in base 9?
-1784
What is 454403 (base 6) in base 2?
1001011011000011
What is -1637 (base 8) in base 4?
-32133
What is 97 (base 10) in base 5?
342
Convert 211102 (base 3) to base 11.
500
Convert 206 (base 12) to base 13.
198
11533 (base 7) to base 16
bc5
What is 736 (base 9) in base 10?
600
Convert f6ad (base 16) to base 11.
43499
What is a89 (base 12) in base 16?
609
What is -1598 (base 13) in base 10?
-3167
What is 926 (base 12) in base 15?
5d6
-1133 (base 5) to base 10
-168
What is 63547 (base 8) in base 16?
6767
Convert 10210 (base 5) to base 7.
1661
What is 2002 (base 9) in base 2?
10110110100
What is -1244 (base 5) in base 4?
-3013
Convert 11201 (base 3) to base 7.
241
Convert 978 (base 13) to base 2.
11001010100
17908 (base 10) to base 16
45f4
Convert -2913 (base 12) to base 9.
-6476
What is -7719 (base 15) in base 8?
-61210
5762 (base 8) to base 3
11012021
384 (base 10) to base 14
1d6
-252b (base 14) to base 7
-24654
Convert -3331 (base 4) to base 9.
-311
-655 (base 14) to base 2
-10011100011
What is 665 (base 11) in base 2?
1100011101
-1241 (base 11) to base 14
-838
What is -410 (base 5) in base 11?
-96
d3c (base 14) to base 4
220222
-22f0 (base 16) to base 8
-21360
What is -41121 (base 9) in base 10?
-27073
What is -382 (base 10) in base 13?
-235
Convert 111001001000110 (base 2) to base 16.
7246
What is 111010010 (base 2) in base 14?
254
6304 (base 8) to base 10
3268
What is 2200 (base 8) in base 9?
1520
Convert 3613 (base 8) to base 13.
b57
Convert -1001111100010 (base 2) to base 9.
-6875
-55230 (base 10) to base 2
-1101011110111110
4152 (base 11) to base 9
7483
3102 (base 9) to base 13
1058
What is 10357 (base 9) in base 7?
25663
-20030 (base 4) to base 11
-437
-12131 (base 11) to base 12
-a12a
Convert 103454 (base 6) to base 13.
3bb9
What is -113a (base 14) in base 11?
-2280
19c (base 16) to base 2
110011100
2435 (base 6) to base 8
1127
What is 1343 (base 5) in base 9?
267
Convert 1112212 (base 3) to base 14.
5aa
Convert 4a76 (base 12) to base 13.
3ac5
What is -32011 (base 5) in base 4?
-201103
Convert 25900 (base 10) to base 15.
7a1a
Convert -92 (base 14) to base 13.
-9b
Convert 222322 (base 4) to base 7.
11002
Convert 200021 (base 3) to base 12.
351
Convert bb (base 12) to base 15.
98
What is 22303 (base 9) in base 14?
5590
Convert 1740 (base 15) to base 8.
11622
What is 2645 (base 8) in base 13?
872
1111111011 (base 2) to base 9
1352
Convert 2012222 (base 3) to base 6.
11255
What is 221362 (base 8) in base 15?
17107
What is 427e (base 16) in base 5?
1021042
14a62 (base 11) to base 9
32123
Convert -4094 (base 11) to base 7.
-21552
Convert 100656 (base 9) to base 5.
3401321
Convert -478 (base 12) to base 13.
-3c5
What is -1232432 (base 6) in base 13?
-24482
Convert -717 (base 9) to base 14.
-2d9
Convert -242 (base 15) to base 4.
-20000
10116 (base 8) to base 7
15112
Convert 440001 (base 5) to base 13.
6a9c
-1004 (base 6) to base 4
-3130
-3713 (base 10) to base 13
-18c8
11011100 (base 3) to base 15
d73
What is -1aa (base 12) in base 3?
-101011
What is 432 (base 9) in base 10?
353
Convert 324 (base 10) to base 15.
169
Convert 18c (base 13) to base 15.
140
-fe7 (base 16) to base 11
-3071
What is 2110122 (base 3) in base 15?
7ee
What is ac90 (base 15) in base 5?
2132320
1a82 (base 15) to base 4
1121303
Convert 65b1 (base 12) to base 14.
4137
What is bc (base 15) in base 4?
2301
Convert -120302 (base 4) to base 6.
-11202
Convert -684 (base 9) to base 8.
-1062
Convert -22b7 (base 12) to base 14.
-15b5
-b168 (base 15) to base 16
-9248
Convert 5260 (base 8) to base 13.
1326
What is 212012 (base 3) in base 14?
32a
Convert 80e (base 16) to base 7.
6004
What is -55232 (base 6) in base 16?
-1de4
385 (base 14) to base 11
591
-254 (base 13) to base 9
-502
Convert -1011011011110 (base 2) to base 6.
-43034
What is 130013 (base 5) in base 3?
20212111
What is 9266 (base 12) in base 8?
37056
Convert 11000011111 (base 2) to base 11.
11a5
-353041 (base 6) to base 15
-9071
Convert -121002 (base 3) to base 9.
-532
Convert 4ab (base 14) to base 3.
1021122
-11101001001 (base 2) to base 7
-5303
Convert 1034 (base 6) to base 3.
22211
What is -597 (base 16) in base 5?
-21211
-27102 (base 10) to base 8
-64736
What is 10790 (base 11) in base 4?
3303203
Convert -c5 (base 13) to base 9.
-188
What is 13355 (base 11) in base 10?
19057
What is -637 (base 8) in base 3?
-120101
3031 (base 5) to base 16
187
-10444 (base 8) to base 4
-1010210
Convert 6466 (base 9) to base 14.
1a3c
What is -622 (base 10) in base 15?
-2b7
-1176 (base 8) to base 4
-21332
402124 (base 5) to base 7
52200
-552c (base 13) to base 11
-8a0a
Convert -10201 (base 3) to base 6.
-244
Convert 111313 (base 4) to base 7.
4036
What is -10000013 (base 4) in base 13?
-75cb
Convert -100330032 (base 4) to base 6.
-1253130
200301 (base 7) to base 10
33762
-100111011010 (base 2) to base 15
-b32
Convert 455 (base 14) to base 11.
711
What is -50b (base 14) in base 2?
-1111011111
Convert -2333 (base 4) to base 12.
-13b
What is -244e (base 15) in base 4?
-1320230
What is 31 (base 13) in base 9?
44
What is 2024 (base 5) in base 3?
100210
Convert a2a4 (base 11) to base 4.
3111202
Convert -35032 (base 8) to base 13.
-6a02
-3564 (base 9) to base 4
-221122
-4c6 (base 13) to base 3
-1011001
Convert -1153 (base 8) to base 2.
-1001101011
Convert 1674 (base 13) to base 11.
2536
Convert -1da (base 15) to base 8.
-656
What is 3a54 (base 11) in base 10?
5262
1982 (base 10) to base 6
13102
-1714 (base 11) to base 4
-202101
Convert 1011100110010100 (base 2) to base 6.
1003540
12020 (base 5) to base 4
31311
What is 569 (base 12) in base 3?
1002200
What is -266 (base 14) in base 11?
-3a9
Convert -1011010011010 (base 2) to base 13.
-2831
What is 865 (base 15) in base 16?
767
-49 (base 15) to base 2
-1000101
230301 (base 4) to base 7
11232
What is 15370 (base 8) in base 4?
1223320
-101010010111 (base 2) to base 6
-20315
Convert -10111110 (base 2) to base 6.
-514
-3ab4 (base 13) to base 4
-2003230
What is -1b803 (base 12) in base 10?
-40899
What is -5071 (base 8) in base 3?
-10120221
Convert -2756 (base 8) to base 15.
-6b3
Convert 526 (base 11) to base 2.
1001111001
-1c3 (base 15) to base 5
-3113
2165 (base 8) to base 14
5b7
Convert -11100010110 (base 2) to base 5.
-24224
Convert -212442 (base 5) to base 9.
-10842
-47a (base 15) to base 9
-1347
20011 (base 4) to base 10
517
Convert 1151 (base 9) to base 5.
11411
Convert 6692 (base 10) to base 16.
1a24
Convert 11188 (base 9) to base 14.
2a03
15a (base 14) to base 11
231
What is -5304 (base 7) in base 9?
-2503
Convert -166bd (base 15) to base 2.
-10001101011010011
What is 540 (base 7) in base 12?
1a9
-14123 (base 5) to base 11
-968
Convert 1115 (base 7) to base 9.
488
Convert 2747 (base 12) to base 3.
20012101
What is 4207 (base 16) in base 14?
6235
Convert -102200 (base 3) to base 14.
-187
What is 35896 (base 11) in base 5?
3123101
Convert 41c (base 14) to base 16.
32a
551 (base 11) to base 6
3021
16 (base 9) to base 4
33
What is -2021 (base 5) in base 16?
-105
Convert 869 (base 11) to base 6.
4455
What is 1244 (base 8) in base 14?
364
Convert -a11 (base 14) to base 2.
-11110110111
What is -b284 (base 13) in base 10?
-24613
Convert -1120220002 (base 3) to base 2.
-111101000100100
-1871a (base 12) to base 8
-105406
-21db (base 14) to base 9
-8050
756 (base 14) to base 15
668
Convert -19a7 (base 14) to base 15.
-15a5
-20322 (base 4) to base 7
-1443
-110001001010000 (base 2) to base 8
-61120
What is 395 (base 11) in base 3?
122022
Convert -7e5 (base 15) to base 7.
-5135
What is 28382 (base 9) in base 2?
100101101000111
-5325 (base 13) to base 9
-16723
What is 10303 (base 4) in base 3?
102101
-1662 (base 7) to base 16
-2a9
Convert -889 (base 10) to base 14.
-477
-351530 (base 6) to base 15
-8e4c
What is 2004 (base 6) in base 5?
3221
What is 775 (base 11) in base 2?
1110100001
211123 (base 6) to base 5
1021430
Con